 when 35796951 is divided by 127.
96
Calculate the remainder when 172603 is divided by 171796.
807
What is the remainder when 36748 is divided by 268?
32
What is the remainder when 24649296 is divided by 258?
234
Calculate the remainder when 27453575 is divided by 22.
17
What is the remainder when 55993738 is divided by 86?
84
What is the remainder when 471616 is divided by 343?
334
What is the remainder when 12636132 is divided by 125?
7
Calculate the remainder when 5110890 is divided by 83.
82
What is the remainder when 607376986 is divided by 27?
25
What is the remainder when 166902341 is divided by 38?
33
What is the remainder when 114296170 is divided by 75?
70
Calculate the remainder when 316850 is divided by 398.
42
What is the remainder when 144740060 is divided by 95?
55
What is the remainder when 1085232 is divided by 10440?
9912
Calculate the remainder when 140769 is divided by 22954.
3045
What is the remainder when 19775867 is divided by 270902?
21
What is the remainder when 23584667 is divided by 344?
27
Calculate the remainder when 51370568 is divided by 597332.
16
What is the remainder when 42384170 is divided by 146152?
90
Calculate the remainder when 37133 is divided by 538.
11
Calculate the remainder when 263206 is divided by 46.
40
What is the remainder when 22037045 is divided by 444?
437
What is the remainder when 126377 is divided by 492?
425
What is the remainder when 147351 is divided by 49080?
111
Calculate the remainder when 72443448 is divided by 37.
1
Calculate the remainder when 2997370 is divided by 131.
90
Calculate the remainder when 2072246 is divided by 3248.
22
What is the remainder when 7850760 is divided by 126?
78
What is the remainder when 16335439 is divided by 116?
87
What is the remainder when 260101259 is divided by 3765?
3764
What is the remainder when 204129 is divided by 132?
57
What is the remainder when 7696153 is divided by 1367?
1310
What is the remainder when 4444110 is divided by 3263?
3167
Calculate the remainder when 13304 is divided by 4410.
74
Calculate the remainder when 171283 is divided by 287.
231
What is the remainder when 2817558 is divided by 137?
16
What is the remainder when 31455129 is divided by 3143?
3128
What is the remainder when 192115 is divided by 4705?
3915
What is the remainder when 262703022 is divided by 187?
186
What is the remainder when 12583659 is divided by 42227?
13
Calculate the remainder when 1087975359 is divided by 2497.
2495
What is the remainder when 304444 is divided by 1214?
944
What is the remainder when 4112262 is divided by 2007?
1926
What is the remainder when 716392 is divided by 358163?
66
What is the remainder when 1832196 is divided by 52?
28
Calculate the remainder when 378126 is divided by 62964.
342
What is the remainder when 2724560 is divided by 34488?
8
Calculate the remainder when 2347379 is divided by 2347346.
33
Calculate the remainder when 1739882 is divided by 3.
2
Calculate the remainder when 49435569 is divided by 80.
49
Calculate the remainder when 1036275 is divided by 544.
499
Calculate the remainder when 60841719 is divided by 10140283.
21
Calculate the remainder when 396035 is divided by 3769.
290
What is the remainder when 24771 is divided by 5791?
1607
What is the remainder when 332617 is divided by 818?
509
Calculate the remainder when 2326057 is divided by 3309.
3139
What is the remainder when 1901087 is divided by 224?
223
What is the remainder when 17012825 is divided by 723?
635
What is the remainder when 11754013 is divided by 96?
61
Calculate the remainder when 1218634 is divided by 609202.
230
What is the remainder when 5814 is divided by 1710?
684
Calculate the remainder when 692622 is divided by 221.
8
Calculate the remainder when 50988415 is divided by 564.
559
What is the remainder when 1571577 is divided by 95?
87
What is the remainder when 4240391 is divided by 723?
719
What is the remainder when 96420246 is divided by 173?
80
What is the remainder when 3985912 is divided by 1992849?
214
What is the remainder when 5041748 is divided by 9371?
150
Calculate the remainder when 17509735 is divided by 299.
295
What is the remainder when 420007 is divided by 1109?
805
What is the remainder when 1235625224 is divided by 597?
593
Calculate the remainder when 1129769 is divided by 282440.
9
Calculate the remainder when 129443 is divided by 4961.
457
Calculate the remainder when 27775423 is divided by 3636.
19
What is the remainder when 2766824 is divided by 5049?
5021
Calculate the remainder when 2578112 is divided by 43691.
343
What is the remainder when 25740 is divided by 8504?
228
What is the remainder when 677888 is divided by 9281?
375
What is the remainder when 1852334241 is divided by 738?
735
Calculate the remainder when 32828448 is divided by 46.
42
What is the remainder when 12866172 is divided by 5?
2
What is the remainder when 1078431 is divided by 790?
81
What is the remainder when 5747758 is divided by 1812?
94
Calculate the remainder when 199502031 is divided by 2238.
2235
What is the remainder when 42821 is divided by 42627?
194
What is the remainder when 1618533 is divided by 3305?
2388
Calculate the remainder when 558377 is divided by 826.
1
What is the remainder when 1273889 is divided by 74934?
11
Calculate the remainder when 21170097 is divided by 25.
22
Calculate the remainder when 530941 is divided by 1092.
229
Calculate the remainder when 112777352 is divided by 878.
8
What is the remainder when 41102 is divided by 5063?
598
Calculate the remainder when 61688 is divided by 8810.
18
What is the remainder when 24677 is divided by 1623?
332
What is the remainder when 283771773 is divided by 2143?
2142
Calculate the remainder when 1294252 is divided by 730.
692
What is the remainder when 16659805 is divided by 53?
50
Calculate the remainder when 1832351 is divided by 366464.
31
Calculate the remainder when 67924 is divided by 6785.
74
What is the remainder when 127366 is divided by 42437?
55
Calculate the remainder when 59367 is divided by 2495.
1982
What is the remainder when 2714902 is divided by 2714901?
1
What is the remainder when 9170029 is divided by 55?
44
What is the remainder when 33780 is divided by 11250?
30
What is the remainder when 1281231 is divided by 37681?
77
Calculate the remainder when 121344 is divided by 3771.
672
Calculate the remainder when 449106 is divided by 56134.
34
Calculate the remainder when 290062 is divided by 647.
206
Calculate the remainder when 201558 is divided by 97524.
6510
Calculate the remainder when 1709457 is divided by 427363.
5
Calculate the remainder when 603287972 is divided by 318.
314
What is the remainder when 1172694 is divided by 75?
69
What is the remainder when 508159 is divided by 177?
169
Calculate the remainder when 1420493 is divided by 102.
41
What is the remainder when 12621419 is divided by 954?
953
Calculate the remainder when 31220 is divided by 15232.
756
Calculate the remainder when 14131756 is divided by 29.
27
What is the remainder when 1994882 is divided by 664425?
1607
Calculate the remainder when 3732943 is divided by 724.
723
What is the remainder when 805153 is divided by 804819?
334
What is the remainder when 1231674 is divided by 307918?
2
What is the remainder when 4276602 is divided by 7583?
7373
What is the remainder when 1045754 is divided by 74695?
24
What is the remainder when 6582425 is divided by 279?
257
Calculate the remainder when 18032152 is divided by 143.
138
Calculate the remainder when 77678683 is divided by 2829.
1
What is the remainder when 1901606 is divided by 1901575?
31
Calculate the remainder when 37743 is divided by 4190.
33
Calculate the remainder when 248960 is divided by 358.
150
What is the remainder when 43644 is divided by 40117?
3527
What is the remainder when 22032960 is divided by 6881?
6879
What is the remainder when 47845 is divided by 2408?
2093
What is the remainder when 9460 is divided by 1587?
1525
Calculate the remainder when 6637806 is divided by 1794.
6
What is the remainder when 798340 is divided by 141?
139
Calculate the remainder when 2721588 is divided by 28.
16
What is the remainder when 46128030 is divided by 262091?
14
What is the remainder when 9116077 is divided by 911604